?
22011111201
In base 13, what is -b6bc - -3?
-b6b9
In base 10, what is 33 - 3432?
-3399
In base 11, what is -a55 - 150?
-10a5
In base 8, what is 1 + 654462?
654463
In base 15, what is 51c + -4?
518
In base 13, what is -9b829 - 1?
-9b82a
In base 9, what is -85634 + 3?
-85631
In base 9, what is -18856 - 141?
-20107
In base 7, what is -4 + 203030?
203023
In base 14, what is -8 - -a6?
9c
In base 11, what is -7 - 2236?
-2242
In base 14, what is -1757a - 3?
-1757d
In base 10, what is 427 + -58?
369
In base 5, what is -3230042113 + -4?
-3230042122
In base 10, what is 142150 + -3?
142147
In base 9, what is 50 - 7333?
-7273
In base 8, what is -7333 + -5?
-7340
In base 3, what is 22200220 + -22?
22200121
In base 6, what is -53 - -421?
324
In base 12, what is -82535 - -7?
-8252a
In base 4, what is -23222132 - 201?
-23222333
In base 8, what is -25574757 - -1?
-25574756
In base 6, what is 3 + 10350002?
10350005
In base 5, what is 2044 + -14023?
-11424
In base 3, what is 0 + -121220221?
-121220221
In base 10, what is 53804 + 1?
53805
In base 13, what is 70 + bc4?
c64
In base 14, what is 3 + -3b32?
-3b2d
In base 6, what is -54 - 415020?
-415114
In base 11, what is -304 + -32?
-336
In base 10, what is -5 - -15962?
15957
In base 12, what is 2594 + 2?
2596
In base 15, what is 1495 - -375?
181a
In base 13, what is 15519 + 2?
1551b
In base 6, what is 3104 - 135?
2525
In base 10, what is 4 + -102236?
-102232
In base 16, what is -5abe - -1?
-5abd
In base 9, what is -21 - -647?
626
In base 2, what is -10000111 + 1101100?
-11011
In base 6, what is 100520 - 303?
100213
In base 4, what is -121 + -11133?
-11320
In base 2, what is -11000011001100110 - 10?
-11000011001101000
In base 5, what is -4423 + -1111?
-11034
In base 14, what is -3 - db0?
-db3
In base 4, what is 3113 + 122213?
131332
In base 2, what is -1110101 + 1010011?
-100010
In base 4, what is -3300 + -2033?
-11333
In base 10, what is -17 + -1338?
-1355
In base 9, what is 16421 - -58?
16480
In base 4, what is -10203013320 + -1?
-10203013321
In base 2, what is 111101111001001001 + -11?
111101111001000110
In base 7, what is 3 + -25052?
-25046
In base 16, what is -15a + 37?
-123
In base 3, what is -120121 - -122201?
2010
In base 13, what is 4b7 + -8?
4ac
In base 13, what is -440 + 479?
39
In base 2, what is 111100 + -1010100000?
-1001100100
In base 13, what is -a773 + 6?
-a76a
In base 8, what is 13 + 5466?
5501
In base 14, what is 10 + -53b0?
-53a0
In base 9, what is -403 - 2660?
-3163
In base 10, what is 0 + -340?
-340
In base 11, what is 299 + 10?
2a9
In base 16, what is -5 - -664?
65f
In base 7, what is -4 + -512114?
-512121
In base 11, what is 34 - 5263?
-522a
In base 3, what is 2212202 - 2111?
2210021
In base 2, what is 101 + 110110100101000?
110110100101101
In base 4, what is 2302210 - -12?
2302222
In base 14, what is -424 - 59?
-47d
In base 12, what is -3657 + 4?
-3653
In base 9, what is -3 - 487?
-501
In base 2, what is 100000101 + 110011010?
1010011111
In base 13, what is -a2a - -475?
-585
In base 5, what is -301 + -13123?
-13424
In base 6, what is 13 + -153343?
-153330
In base 4, what is 13110321122 - 2?
13110321120
In base 11, what is -6 + 179476?
179470
In base 16, what is -43 + 26c5?
2682
In base 14, what is b - -6b631?
6b63c
In base 4, what is -311223 - -132?
-311031
In base 5, what is -22 + -142111?
-142133
In base 4, what is -12 - 13001?
-13013
In base 4, what is 200202 + -3?
200133
In base 12, what is 79837 + 12?
79849
In base 11, what is 110281 + 3?
110284
In base 6, what is -25233 + -43?
-25320
In base 15, what is -41 - 1bbb9?
-1bc0a
In base 16, what is 2264 - -f?
2273
In base 11, what is -2169 + -8?
-2176
In base 13, what is 3343 - 0?
3343
In base 7, what is -23546501 + 2?
-23546466
In base 7, what is -641222 + 3?
-641216
In base 9, what is 67 - -4113?
4181
In base 4, what is 1320233202 - -11?
1320233213
In base 15, what is -419e + 24?
-417a
In base 10, what is -83936 - 6?
-83942
In base 12, what is 1ab + 279b?
298a
In base 13, what is 4 + 26b6?
26ba
In base 3, what is 12201 - -221001?
1010202
In base 13, what is -7261 - 14?
-7275
In base 15, what is -9e3c + -18?
-9e55
In base 13, what is -13 - 46a1?
-46b4
In base 11, what is -1783 - -13?
-1770
In base 3, what is -22010110 + -12?
-22010122
In base 3, what is -1 - -1012102211122?
1012102211121
In base 2, what is 100000 - -100110000?
101010000
In base 13, what is -4 + -1092c6?
-1092ca
In base 3, what is -12 + -110102101?
-110102120
In base 10, what is 71 + -1996?
-1925
In base 16, what is -31 + 82?
51
In base 16, what is a04a - -ba?
a104
In base 9, what is -471 - 538?
-1120
In base 14, what is da + -4d?
8b
In base 2, what is 1010100 + -110101001100101?
-110101000010001
In base 2, what is 1000110100001 + 1000001?
1000111100010
In base 10, what is 50 - 349?
-299
In base 14, what is 8815 + -5?
8810
In base 2, what is 111101100001111 + 111?
111101100010110
In base 16, what is -ba06 - 5?
-ba0b
In base 9, what is 1 - -6203?
6204
In base 12, what is -b72b - 7?
-b736
In base 3, what is -21221210 + -21001?
-22012211
In base 9, what is -5 - 20086?
-20102
In base 14, what is 346b0 + 0?
346b0
In base 5, what is 2102100 - -4?
2102104
In base 8, what is -25 - 2452?
-2477
In base 4, what is 1 + -10110330?
-10110323
In base 6, what is -1 + 411223?
411222
In base 15, what is 1519 + 2?
151b
In base 11, what is 228 + 42?
26a
In base 8, what is 4 - -200176?
200202
In base 7, what is -10416 + 22?
-10364
In base 2, what is 111011 - 1111000010?
-1110000111
In base 8, what is 256500 + -1?
256477
In base 2, what is 0 - -10010001011101100?
10010001011101100
In base 8, what is 3460 - -3?
3463
In base 12, what is 1aa3 - -93?
1b76
In base 4, what is -2033 - 1332331?
-2001030
In base 8, what is 151740 + -4?
151734
In base 13, what is -29932 - 1?
-29933
In base 10, what is 393794 - 7?
393787
In base 8, what is 22 - 42214?
-42172
In base 6, what is -31221 + 25?
-31152
In base 8, what is -163 - 610?
-773
In base 4, what is -2 + 11133323?
11133321
In base 3, what is -11021201012 - -1?
-11021201011
In base 8, what is -1627 - -1217?
-410
In base 4, what is -300200030 - 11?
-300200101
In base 7, what is 2 - -400556?
400561
In base 5, what is 201031 + 4?
201040
In base 16, what is -44 - -1c6e9?
1c6a5
In base 6, what is -15 - -445550?
445531
In base 8, what is -1336 + -153?
-1511
In base 11, what is -204 + 50a3?
499a
In base 16, what is 0 - 63c?
-63c
In base 5, what is 12 - -42041133?
42041200
In base 10, what is -45 + 9383?
9338
In base 15, what is 97 - 175?
-cd
In base 15, what is 91aa + -3?
91a7
In base 3, what is -121222001021 - -10?
-121222001011
In base 3, what is -10111021 - -1112?
-10102202
In base 9, what is 31 + -576?
-545
In base 8, what is -67572 + 116?
-67454
In base 10, what is 0 + -8892?
-8892
In base 7, what is 0 + -6562362?
-6562362
In base 13, what is c - 88021?
-88012
In base 8, what is 510240 + 5?
510245
In base 4, what is -130002 + -11003?
-201011
In base 2, what is 11100 + 10011001101?
10011101001
In base 10, what is 5553 - 1717?
3836
In base 5, what is -102341 + -231?
-103122
In base 3, what is -112200020 - -1?
-112200012
In base 5, what is 123100110 + 2?
123100112
In base 12, what is 2 + 4576a?
45770
In base 16, what is -31 - b2a?
-b5b
In base 11, what is -425a88 + -2?
-425a8a
In base 15, what is 3b + -2c40?
-2c04
In base 12, what is 0 + -6110?
-6110
In base 15, what is -4 + -241341?
-241345
In base 9, what is -285 + 1638?
1343
In base 16, what is 18c + -1a2?
-16
In base 2, what is 1101 + -110101101101?
-110101100000
In base 13, what is 474c - 0?
474c
In base 13, what is 75 - 325?
-280
In base 16, what is -1ba7 + 263?
-1944
In base 5, what is 134031101 + 2?
134031103
In base 16, what is 4 + 540c8?
540cc
In base 16, what is 1 + 2bbaf?
2bbb0
In base 4, what is -13 - -312311?
312232
In base 13, what is -13 - -a095?
a082
In base 13, what is 0 + -611b4?
-611b4
In base 12, what is -63 - 188bb?
-18962
In base 8, what is 3465 - 222?
3243
In base 3, what is 11 - -202210111?
202210122
In base 12, what is -11867 + -1?
-11868
In base 4, what is -3 + 10313103?
10313100
In base 15, what is 1b - -1c42?
1c5d
In base 6, what is 441115 + 1?
441120
In base 6, what is 24112 + 12?
24124
In base 8, what is 4 - 1264233?
-1264227
In base 5, what is -1423 - -1440?
12
In base 15, 